{"id":5988,"date":"2025-07-30T16:58:33","date_gmt":"2025-07-30T22:58:33","guid":{"rendered":"https:\/\/istudy.mx\/itrips\/?page_id=5988"},"modified":"2025-07-30T17:12:01","modified_gmt":"2025-07-30T23:12:01","slug":"studyandtravelenglish","status":"publish","type":"page","link":"https:\/\/istudy.mx\/itrips\/studyandtravelenglish\/","title":{"rendered":"Study and Travel English"},"content":{"rendered":"<p><a href=\"https:\/\/istudy.mx\/itrips\" target=\"_self\" rel=\"noopener noreferrer\" data-op-action=\"link\" data-op-popoverlay-trigger=\"none\" data-op-select-funnel-step=\"\"><img fetchpriority=\"high\" decoding=\"async\" title=\"ISTUDY_INTERNATIONAL_TRIPS\" src=\"https:\/\/istudy.mx\/itrips\/wp-content\/uploads\/2020\/01\/ISTUDY_INTERNATIONAL_TRIPS-300x300.png\" alt=\"\" width=\"300\" height=\"300\" \/><\/a><\/p>\n<h2>\u00a1Cumplimos 11 a\u00f1os y queremos celebrarlo contigo!<\/h2>\n<p><a target=\"_self\" rel=\"noopener noreferrer\" data-op-action=\"link\" data-op-popoverlay-trigger=\"none\" data-op-select-funnel-step=\"\"><img decoding=\"async\" title=\"237_2\" src=\"https:\/\/istudy.mx\/itrips\/wp-content\/uploads\/2020\/06\/237_2.png\" alt=\"\" width=\"2000\" height=\"2000\" \/><\/a><\/p>\n<p>M\u00e1s de una d\u00e9cada apoyando a estudiantes a alcanzar sus metas de estudios internacionales en destinos como Canad\u00e1, Irlanda y Estados Unidos.<\/p>\n<p><a target=\"_self\" rel=\"noopener noreferrer\" data-op-action=\"link\" data-op-popoverlay-trigger=\"none\" data-op-select-funnel-step=\"\"><img decoding=\"async\" title=\"ISTUDY_INTERNATIONAL_TRIPS\" src=\"https:\/\/istudy.mx\/itrips\/wp-content\/uploads\/2020\/01\/ISTUDY_INTERNATIONAL_TRIPS.png\" alt=\"\" width=\"800\" height=\"800\" \/><\/a><\/p>\n<h2>\u00bfQuienes somos?<\/h2>\n<p>iStudy International Trips\u00a0es una agencia de movilidad acad\u00e9mica internacional que naci\u00f3 el 1 de julio de 2009 como una escuela de ingl\u00e9s en la ciudad de Apodaca, Nuevo Le\u00f3n y poco a poco fue incorporando sus servicios de asesor\u00eda para viajes de estudio al extranjero.<\/p>\n<p>Nuestro equipo de trabajo es experto en la industria educativa internacional y est\u00e1 preparado para ofrecerte los mejores programas y las mejores oportunidades para que puedas cumplir tu sue\u00f1o de viajar y estudiar fuera de M\u00e9xico y Latinoam\u00e9rica.<\/p>\n<p>Cada a\u00f1o, asistimos a m\u00e1s de 150 personas a que cumplan su sue\u00f1o de estudiar en el extranjero y HOY puedes formar parte de nuestra gran familia, aprovechando nuestra incre\u00edble promoci\u00f3n de aniversario.<\/p>\n<p>Empresa con respaldo en\u00a0ICCRC R508700 y\u00a0CCEA de ICEF.<\/p>\n<p><a target=\"_self\" rel=\"noopener noreferrer\" data-op-action=\"link\" data-op-popoverlay-trigger=\"none\" data-op-select-funnel-step=\"\"><img loading=\"lazy\" decoding=\"async\" title=\"238\" src=\"https:\/\/istudy.mx\/itrips\/wp-content\/uploads\/2020\/06\/238.png\" alt=\"\" width=\"900\" height=\"400\" \/><\/a><\/p>\n<h2>Es el momento de dar ese gran paso y convertirte en un #EstudianteInternacional de iStudy<\/h2>\n<h2>Del 1 al 4 de julio para celebrar nuestro aniversario, queremos ofrecer beneficios especiales al realizar tu registro a nuestros programas de estudio en el extranjero en Canad\u00e1, Irlanda y Estados Unidos<\/h2>\n<h2>\u00bfQu\u00e9 tienes que hacer?<\/h2>\n<h4>INICIA TU PROCESO DE INSCRIPCI\u00d3N<\/h4>\n<p>Aprovecha tarifa de registro con 70% de descuento.<\/p>\n<h4>RECIBE ASESOR\u00cdA<\/h4>\n<p>Asiste a nuestras transmisiones en vivo y agenda tu cita personalizada para definir el programa y destino ideal para tu viaje de estudios.<\/p>\n<h4>FORMA PARTE DE NUESTRA COMUNIDAD<\/h4>\n<p>Convive con m\u00e1s #EstudiantesInternacionales y accesa a contenidos exclusivos.<\/p>\n<p><a target=\"_self\" rel=\"noopener noreferrer\" data-op-action=\"link\" data-op-popoverlay-trigger=\"none\" data-op-select-funnel-step=\"\"><img loading=\"lazy\" decoding=\"async\" title=\"237_3\" src=\"https:\/\/istudy.mx\/itrips\/wp-content\/uploads\/2020\/06\/237_3.png\" alt=\"\" width=\"2000\" height=\"2000\" \/><\/a><\/p>\n<h2>EXCLUSIVO POR 4 D\u00cdAS, del 1 al 4 de julio realiza tu inscripci\u00f3n a un programa de movilidad acad\u00e9mica por solo $45 USD<\/h2>\n<p><a class=\"op3-background-ancestor\" href=\"https:\/\/www.paypal.com\/cgi-bin\/webscr?cmd=_s-xclick&amp;hosted_button_id=3KFXG2F3Y26BU\" target=\"_blank\" rel=\"noopener noreferrer\" data-op-action=\"link\" data-op-popoverlay-trigger=\"none\" data-op-select-funnel-step=\"\" data-op-animation-trigger=\"\" data-op-animation-style=\"\" data-op-animation-loop=\"\" data-op-timer-minutes=\"\" data-op-timer-seconds=\"\">Quiero Estudiar en el Extranjero con iStudySub Text<\/a><\/p>\n<h2>Beneficios especiales al efectuar tu registro del 1 al 4 de julio:<\/h2>\n<p><a target=\"_self\" rel=\"noopener noreferrer\" data-op-action=\"link\" data-op-popoverlay-trigger=\"none\" data-op-animation-trigger=\"none\" data-op-animation-style=\"\" data-op-animation-loop=\"0\" data-op-timer-minutes=\"0\" data-op-timer-seconds=\"0\">Ahorra $105 USD en tu registro aprovechando el 70% de descuento. \u00a0<\/a><a target=\"_self\" rel=\"noopener noreferrer\" data-op-action=\"link\" data-op-popoverlay-trigger=\"none\" data-op-animation-trigger=\"none\" data-op-animation-style=\"\" data-op-animation-loop=\"0\" data-op-timer-minutes=\"0\" data-op-timer-seconds=\"0\">Accesa a nuestra comunidad de #EstudiantesInternacionales exclusiva en Facebook y WhatsApp en donde podr\u00e1s convivir, intercambiar comentarios y resolver todas tus dudas sobre movilidad internacional.\u00a0<\/a><a target=\"_self\" rel=\"noopener noreferrer\" data-op-action=\"link\" data-op-popoverlay-trigger=\"none\" data-op-animation-trigger=\"none\" data-op-animation-style=\"\" data-op-animation-loop=\"0\" data-op-timer-minutes=\"0\" data-op-timer-seconds=\"0\">\u00danete a nuestras exclusivas transmisiones en vivo en donde podr\u00e1s recibir informaci\u00f3n sobre nuestros programas y destinos top. (6 al 9 de Julio).\u00a0<\/a><a target=\"_self\" rel=\"noopener noreferrer\" data-op-action=\"link\" data-op-popoverlay-trigger=\"none\" data-op-animation-trigger=\"none\" data-op-animation-style=\"\" data-op-animation-loop=\"0\" data-op-timer-minutes=\"0\" data-op-timer-seconds=\"0\">Encuentra informaci\u00f3n \u00fatil para planear tu viaje de estudios con nuestros ebooks de nuestros destinos + gu\u00edas tur\u00edsticas.\u00a0<\/a><a target=\"_self\" rel=\"noopener noreferrer\" data-op-action=\"link\" data-op-popoverlay-trigger=\"none\" data-op-animation-trigger=\"none\" data-op-animation-style=\"\" data-op-animation-loop=\"0\" data-op-timer-minutes=\"0\" data-op-timer-seconds=\"0\">Refuerza tu nivel de ingl\u00e9s previo a tu viaje de estudio con nuestro Club de Conversaci\u00f3n (S\u00e1bados de Julio y Agosto). \u00a0<\/a><a target=\"_self\" rel=\"noopener noreferrer\" data-op-action=\"link\" data-op-popoverlay-trigger=\"none\" data-op-animation-trigger=\"none\" data-op-animation-style=\"\" data-op-animation-loop=\"0\" data-op-timer-minutes=\"0\" data-op-timer-seconds=\"0\">Asiste a nuestras sesiones de integraci\u00f3n e informativas mensuales que apoyan la log\u00edstica de tu viaje y que son exclusivas de la comunidad. La que sigue es el 17 de julio.\u00a0<\/a><a target=\"_self\" rel=\"noopener noreferrer\" data-op-action=\"link\" data-op-popoverlay-trigger=\"none\" data-op-animation-trigger=\"none\" data-op-animation-style=\"\" data-op-animation-loop=\"0\" data-op-timer-minutes=\"0\" data-op-timer-seconds=\"0\">Define tu viaje y realiza la inscripci\u00f3n definitiva a tu programa y destino ideal en nuestra cita personalizada 1 a 1. \u00a0<\/a><a target=\"_self\" rel=\"noopener noreferrer\" data-op-action=\"link\" data-op-popoverlay-trigger=\"none\" data-op-animation-trigger=\"none\" data-op-animation-style=\"\" data-op-animation-loop=\"0\" data-op-timer-minutes=\"0\" data-op-timer-seconds=\"0\">Ten flexibilidad completa en tu viaje, escoge tu fecha de salida para 2020 o 2021. \u00a0<\/a><a target=\"_self\" rel=\"noopener noreferrer\" data-op-action=\"link\" data-op-popoverlay-trigger=\"none\" data-op-animation-trigger=\"none\" data-op-animation-style=\"\" data-op-animation-loop=\"0\" data-op-timer-minutes=\"0\" data-op-timer-seconds=\"0\">Planea tus pagos, accesa a MSI \u00a0y aprovecha liquidaciones con tipo de cambio preferenciales.\u00a0<\/a><a target=\"_self\" rel=\"noopener noreferrer\" data-op-action=\"link\" data-op-popoverlay-trigger=\"none\" data-op-select-funnel-step=\"\"><img loading=\"lazy\" decoding=\"async\" title=\"237_3\" src=\"https:\/\/istudy.mx\/itrips\/wp-content\/uploads\/2020\/06\/237_3.png\" alt=\"\" width=\"2000\" height=\"2000\" \/><\/a><\/p>\n<h2>Si siempre quisiste ser parte de la comunidad pero por alguna u otra raz\u00f3n no hab\u00edas podido inscribirte, ahora es el momento ideal. Solo del 1 al 4 de julio realiza tu inscripci\u00f3n por solo $45 USD y deja que nuestro equipo de expertos te gu\u00eden en el camino hacia el viaje de estudios de tus sue\u00f1os.<\/h2>\n<p><a class=\"op3-background-ancestor\" href=\"https:\/\/www.paypal.com\/cgi-bin\/webscr?cmd=_s-xclick&amp;hosted_button_id=3KFXG2F3Y26BU\" target=\"_blank\" rel=\"noopener noreferrer\" data-op-action=\"link\" data-op-popoverlay-trigger=\"none\" data-op-select-funnel-step=\"\" data-op-animation-trigger=\"none\" data-op-animation-style=\"\" data-op-animation-loop=\"0\" data-op-timer-minutes=\"0\" data-op-timer-seconds=\"0\">Hacer mi Inscripci\u00f3n por $45 USDSub Text<\/a><\/p>\n<h2>Otras formas de Pago:(Tipo de cambio para M\u00e9xico solo $20.00 MX)<\/h2>\n<p><a target=\"_self\" rel=\"noopener noreferrer\" data-op-action=\"link\" data-op-popoverlay-trigger=\"none\" data-op-select-funnel-step=\"\"><img loading=\"lazy\" decoding=\"async\" title=\"cuenta BBVA\" src=\"https:\/\/istudy.mx\/itrips\/wp-content\/uploads\/2020\/04\/cuenta-BBVA.jpg\" alt=\"\" width=\"830\" height=\"530\" \/><\/a><\/p>\n<h2>Estos beneficios aplican para los siguientes programas:<\/h2>\n<p><a target=\"_self\" rel=\"noopener noreferrer\" data-op-action=\"link\" data-op-popoverlay-trigger=\"none\" data-op-select-funnel-step=\"\"><img loading=\"lazy\" decoding=\"async\" title=\"237\" src=\"https:\/\/istudy.mx\/itrips\/wp-content\/uploads\/2020\/06\/237.png\" alt=\"\" width=\"2000\" height=\"2000\" \/><\/a><a target=\"_self\" rel=\"noopener noreferrer\" data-op-action=\"link\" data-op-popoverlay-trigger=\"none\" data-op-animation-trigger=\"none\" data-op-animation-style=\"\" data-op-animation-loop=\"0\" data-op-timer-minutes=\"0\" data-op-timer-seconds=\"0\">Ingl\u00e9s \/ Franc\u00e9s en Canad\u00e1 \u00a0<\/a><a target=\"_self\" rel=\"noopener noreferrer\" data-op-action=\"link\" data-op-popoverlay-trigger=\"none\" data-op-animation-trigger=\"none\" data-op-animation-style=\"\" data-op-animation-loop=\"0\" data-op-timer-minutes=\"0\" data-op-timer-seconds=\"0\">Diplomados profesionales en Canad\u00e1 \u00a0<\/a><a target=\"_self\" rel=\"noopener noreferrer\" data-op-action=\"link\" data-op-popoverlay-trigger=\"none\" data-op-animation-trigger=\"none\" data-op-animation-style=\"\" data-op-animation-loop=\"0\" data-op-timer-minutes=\"0\" data-op-timer-seconds=\"0\">Cursos especiales en Canad\u00e1 \u00a0<\/a><a target=\"_self\" rel=\"noopener noreferrer\" data-op-action=\"link\" data-op-popoverlay-trigger=\"none\" data-op-animation-trigger=\"none\" data-op-animation-style=\"\" data-op-animation-loop=\"0\" data-op-timer-minutes=\"0\" data-op-timer-seconds=\"0\">Educaci\u00f3n Superior en Canad\u00e1 \u00a0<\/a><a target=\"_self\" rel=\"noopener noreferrer\" data-op-action=\"link\" data-op-popoverlay-trigger=\"none\" data-op-animation-trigger=\"none\" data-op-animation-style=\"\" data-op-animation-loop=\"0\" data-op-timer-minutes=\"0\" data-op-timer-seconds=\"0\">Estudia y Trabaja en Irlanda \u00a0<\/a><\/p>\n<h2>Se parte de nuestra gran familia de #EstudiantesInternacionales durante este especial por Aniversario. Te esperamos.<\/h2>\n<p><a target=\"_self\" rel=\"noopener noreferrer\" data-op-action=\"link\" data-op-popoverlay-trigger=\"none\" data-op-select-funnel-step=\"\"><img loading=\"lazy\" decoding=\"async\" title=\"238\" src=\"https:\/\/istudy.mx\/itrips\/wp-content\/uploads\/2020\/06\/238.png\" alt=\"\" width=\"900\" height=\"400\" \/><\/a><a target=\"_self\" rel=\"noopener noreferrer\" data-op-action=\"link\" data-op-popoverlay-trigger=\"none\" data-op-select-funnel-step=\"\"><img fetchpriority=\"high\" decoding=\"async\" title=\"ISTUDY_INTERNATIONAL_TRIPS\" src=\"https:\/\/istudy.mx\/itrips\/wp-content\/uploads\/2020\/01\/ISTUDY_INTERNATIONAL_TRIPS-300x300.png\" alt=\"\" width=\"300\" height=\"300\" \/><\/a><\/p>\n<p><a href=\"mailto:contacto@istudy.mx\" target=\"_blank\" rel=\"noopener noreferrer\">contacto@istudy.mx<\/a><\/p>\n<p><a href=\"http:\/\/eepurl.com\/gFEPIP\" target=\"_blank\" rel=\"noopener noreferrer\">Suscribirse al Newsletter<\/a><\/p>\n","protected":false},"excerpt":{"rendered":"<p>\u00a1Cumplimos 11 a\u00f1os y queremos celebrarlo contigo! M\u00e1s de una d\u00e9cada apoyando a estudiantes a alcanzar sus metas de estudios internacionales en destinos como Canad\u00e1, Irlanda y Estados Unidos. \u00bfQuienes somos? iStudy International Trips\u00a0es una agencia de movilidad acad\u00e9mica internacional que naci\u00f3 el 1 de julio de 2009 como una escuela de ingl\u00e9s en la [&hellip;]<\/p>\n","protected":false},"author":123457,"featured_media":0,"parent":0,"menu_order":0,"comment_status":"closed","ping_status":"closed","template":"op_builder_blank","meta":{"footnotes":""},"class_list":["post-5988","page","type-page","status-publish","hentry"],"_links":{"self":[{"href":"https:\/\/istudy.mx\/itrips\/wp-json\/wp\/v2\/pages\/5988","targetHints":{"allow":["GET"]}}],"collection":[{"href":"https:\/\/istudy.mx\/itrips\/wp-json\/wp\/v2\/pages"}],"about":[{"href":"https:\/\/istudy.mx\/itrips\/wp-json\/wp\/v2\/types\/page"}],"author":[{"embeddable":true,"href":"https:\/\/istudy.mx\/itrips\/wp-json\/wp\/v2\/users\/123457"}],"replies":[{"embeddable":true,"href":"https:\/\/istudy.mx\/itrips\/wp-json\/wp\/v2\/comments?post=5988"}],"version-history":[{"count":13,"href":"https:\/\/istudy.mx\/itrips\/wp-json\/wp\/v2\/pages\/5988\/revisions"}],"predecessor-version":[{"id":6012,"href":"https:\/\/istudy.mx\/itrips\/wp-json\/wp\/v2\/pages\/5988\/revisions\/6012"}],"wp:attachment":[{"href":"https:\/\/istudy.mx\/itrips\/wp-json\/wp\/v2\/media?parent=5988"}],"curies":[{"name":"wp","href":"https:\/\/api.w.org\/{rel}","templated":true}]}}