{"id":31,"date":"2020-01-03T04:59:23","date_gmt":"2020-01-03T04:59:23","guid":{"rendered":"http:\/\/istudy.mx\/itrips\/?page_id=31"},"modified":"2025-03-23T17:42:41","modified_gmt":"2025-03-23T23:42:41","slug":"internacional","status":"publish","type":"page","link":"https:\/\/istudy.mx\/itrips\/internacional\/","title":{"rendered":"Educaci\u00f3n Internacional"},"content":{"rendered":"<p><a class=\"op3-element__link op3-element-image__link op3-link\" href=\"https:\/\/istudy.mx\/itrips\/\" target=\"_self\"  data-op-action=\"link\" data-op-select-funnel-step=\"\" data-op3-smooth-scroll=\"\"><img fetchpriority=\"high\" decoding=\"async\" class=\"op3-element__image op3-element-image__image\" src=\"https:\/\/istudy.mx\/itrips\/wp-content\/uploads\/2020\/01\/ISTUDY_INTERNATIONAL_TRIPS-300x300.png\" alt=\"\" title=\"ISTUDY_INTERNATIONAL_TRIPS\" width=\"300\" height=\"300\" data-op3-attachment-id=\"\" \/><\/a><\/p>\n<p><a href=\"https:\/\/istudy.mx\/itrips\/\">HOME<\/a><\/p>\n<p><a href=\"https:\/\/istudy.mx\/itrips\/internaciona\/\">EDUCACI\u00d3N INTERNACIONAL<\/a><\/p>\n<p><a href=\"https:\/\/istudy.mx\/itrips\/servicios\/\">SERVICIOS<\/a><\/p>\n<p><a href=\"https:\/\/istudy.mx\/itrips\/blog\/\">BLOG<\/a><\/p>\n<p><a href=\"https:\/\/istudy.mx\/itrips\/contacto\/\">CONTACTO<\/a><\/p>\n<h2>Nuestra Oferta Educativa Internacional<\/h2>\n<h2>Cursos de Idiomas<\/h2>\n<p>Desde 4 hasta 52 semanas, este programa se lleva a cabo para j\u00f3venes de 16 a\u00f1os en adelante en horario intensivo en pa\u00edses como Canad\u00e1, Estados Unidos o Inglaterra y tiene como objetivo mejorar tu nivel de ingl\u00e9s o franc\u00e9s, al mismo tiempo que exploras la cultura del pa\u00eds y la ciudad destino con actividades sociales vespertinas guiadas por la instituci\u00f3n. &nbsp;<\/p>\n<p><a href=\"https:\/\/istudy.mx\/itrips\/idiomascanada\/\" target=\"_blank\">Para idiomas en Canad\u00e1, visita el siguiente sitio web.&nbsp;<\/a><\/p>\n<h2>Cursos Preparativos para Ex\u00e1menes<\/h2>\n<p>Este programa para mayores de 16 a\u00f1os, est\u00e1 dise\u00f1ado para brindar las herramientas necesarias en cuanto a la preparaci\u00f3n para los ex\u00e1menes mundialmente reconocidos como TOEFL o IELTS, se llevan a cabo en pa\u00edses como Estados Unidos o Canad\u00e1 y tienen una duraci\u00f3n de 4 a 12 semanas.<\/p>\n<p><a href=\"https:\/\/istudy.mx\/itrips\/idiomascanada\/\" target=\"_blank\">Conoce los destinos disponibles para este programa en Canad\u00e1 en el siguiente sitio web.&nbsp;<\/a><\/p>\n<h2>Cursos Especializados<\/h2>\n<p>Estos programas se enfocan en desarrollar habilidades especiales para los profesionistas, podr\u00e1s encontrar cursos para abogados, emprendedores, maestros de ingl\u00e9s entre otros. Son populares en Estados Unidos o Canad\u00e1 y tienen una duraci\u00f3n de entre 4 a 12 semanas.<\/p>\n<h2>Pathway<\/h2>\n<p>Programa de 12 semanas aproximadamente con el fin de reforzar el idioma ingl\u00e9s para fines acad\u00e9micos y de transferencia a los colleges o universidades canadienses. Aplican requisitos especiales.<\/p>\n<h2>Campamentos de Verano<\/h2>\n<p>Las mejores vacaciones de tu vida, aprendiendo un idioma y socializando con personas de todas partes del mundo. Este programa se lleva a cabo en pa\u00edses como Canad\u00e1 en donde j\u00f3venes de 12 a 18 a\u00f1os encuentran en una instituci\u00f3n canadiense una oportunidad para estudiar ingl\u00e9s y hacer actividades culturales en un ambiente supervisado 24 horas. &nbsp;<\/p>\n<p><a href=\"https:\/\/istudy.mx\/itrips\/viajedeverano\/\" target=\"_blank\">Conoce m\u00e1s sobre nuestro Viaje de Verano 2022<\/a><\/p>\n<h2>AuPair (Ni\u00f1era)<\/h2>\n<p>El programa de intercambio cultural m\u00e1s famoso del mundo, en donde varones y se\u00f1oritas de entre 18 y 29 a\u00f1os viven una experiencia en destinos como Estados Unidos o Irlanda estudiando y trabajando al cuidado de los menores de edad de una familia, teniendo acceso a un salario semanal, alojamiento, alimentos y el trato como un miembro m\u00e1s.<\/p>\n<p><a href=\" https:\/\/istudy.mx\/itrips\/aupair\/\" target=\"_blank\" rel=\"nofollow\">Trabaja como ni\u00f1era en el extranjero<\/a><\/p>\n<\/p>\n<h2>Estudia y Trabaja<\/h2>\n<p>Uno de los programas m\u00e1s populares en Latinoam\u00e9rica, se lleva a cabo para estudiantes mayores a 18 a\u00f1os por 25 semanas en Irlanda y combina el estudio del idioma ingl\u00e9s de 15 horas por semanas con un permiso de trabajo de 20 horas. &nbsp;Una experiencia \u00fanica en uno de los destinos m\u00e1s bellos del mundo y al alcance de tu bolsillo.<\/p>\n<p><a href=\"https:\/\/istudy.mx\/itrips\/irlanda\/\" target=\"_blank\">Toda la informaci\u00f3n para estudiar ingl\u00e9s en Irlanda en este sitio web.<\/a><\/p>\n<h2>Diplomados Profesionales<\/h2>\n<p>Estos cursos en Canad\u00e1 de 1 a 2 a\u00f1os para mayores de 18 a\u00f1os, tienen la finalidad de desarrollar una habilidad en los negocios, el servicio al cliente o la hoteler\u00eda, mientras el estudiante obtiene un permiso de trabajo de medio tiempo que le ayudar\u00e1 en sus gastos mensuales. Es una oportunidad incre\u00edble para tu desarrollo profesional y laboral adquiriendo experiencia fuera de tu pa\u00eds. Aplican requisitos especiales.<\/p>\n<p><a href=\"https:\/\/istudy.mx\/itrips\/privados\/\" target=\"_blank\">Consulta m\u00e1s informaci\u00f3n, as\u00ed como un listado de los diplomados m\u00e1s populares en este sitio web.&nbsp;<\/a><\/p>\n<h2>Educaci\u00f3n Superior<\/h2>\n<p>La oportunidad de realizar estudios profesionales en Canad\u00e1 o Irlanda la encuentras con este programa. Instituciones ofrecen carreras profesionales de 2 y 3 a\u00f1os en \u00e1reas como negocios, turismo, ingenier\u00eda, salud, artes, entre otros. Los programas en Canad\u00e1 incluso te abren la oportunidad para una residencia definitiva en este pa\u00eds. Aplican requisitos especiales.<\/p>\n<p><a href=\"https:\/\/istudy.mx\/itrips\/educacionsuperior\/\" target=\"_blank\">Toda la informaci\u00f3n sobre las instituciones de educaci\u00f3n superior en Canad\u00e1 en este sitio web.&nbsp;<\/a><\/p>\n<h2>Posgrado \/Maestr\u00edas<\/h2>\n<p>Estos programas de 1 a 2 a\u00f1os en Canad\u00e1 o Irlanda tienen la finalidad de llevarte a la profesionalizaci\u00f3n laboral al reforzar tu carrera profesional. Aplican requisitos especiales.<\/p>\n<\/p>\n<p><a href=\"https:\/\/istudy.mx\/itrips\/educacionsuperior\/\" target=\"_blank\">Toda la informaci\u00f3n sobre las instituciones de educaci\u00f3n superior en Canad\u00e1 en este sitio web.&nbsp;<\/a><\/p>\n<h2>Programas Migratorios<\/h2>\n<p>Con programas como Express Entry, los ciudadanos de M\u00e9xico y Latinoam\u00e9rica tienen la oportunidad de buscar una residencia definitiva en el pa\u00eds vecino de Canad\u00e1 y nuestra agencia de movilidad estudiantil internacional cuenta con un asesor certificado que te asistir\u00e1 en el camino.&nbsp;<\/p>\n<p><a href=\"https:\/\/istudy.mx\/itrips\/condor\/\" target=\"_blank\">Solicita una cita y eval\u00faa tus posibilidades de migrar a Canad\u00e1 con nuestro aliado Condor<\/a><\/p>\n<p><a href=\"https:\/\/istudy.mx\/itrips\/whatsapp\/\" class=\"op3-link op3-background-ancestor\" target=\"_blank\" rel=\"nofollow\" data-op-action=\"link\" data-op-select-funnel-step=\"\" data-op3-smooth-scroll=\"0\" data-op-effect-style=\"\" data-op-effect-style-hover=\"\" data-op-courseaction=\"\">Solicita una cotizaci\u00f3n<\/a><\/p>\n<p>Obt\u00e9n nuestros exclusivos eBooks, registr\u00e1ndote gratis a nuestro Newsletter semanal.&nbsp;<\/p>\n<p><a href=\"https:\/\/mailchi.mp\/istudy\/international-trips  \" class=\"op3-link op3-background-ancestor\" target=\"_self\"  data-op-action=\"link\" data-op-select-funnel-step=\"\" data-op3-smooth-scroll=\"\" data-op-effect-style=\"\" data-op-effect-style-hover=\"\" data-op-courseaction=\"\">SUSCRIBIRME<\/a><img fetchpriority=\"high\" decoding=\"async\" class=\"op3-element__image op3-element-image__image\" src=\"https:\/\/istudy.mx\/itrips\/wp-content\/uploads\/2020\/01\/ISTUDY_INTERNATIONAL_TRIPS-300x300.png\" alt=\"\" title=\"ISTUDY_INTERNATIONAL_TRIPS\" width=\"300\" height=\"300\" data-op3-attachment-id=\"\" \/><a class=\"op3-element__link op3-element-icon__link op3-link\" href=\"https:\/\/www.facebook.com\/iStudyInternationalTrips\/\" target=\"_blank\"  data-op-action=\"\" data-op-select-funnel-step=\"\" data-op3-smooth-scroll=\"\"><\/a><a class=\"op3-element__link op3-element-icon__link op3-link\" href=\"https:\/\/www.instagram.com\/istudylite\/\" target=\"_blank\"  data-op-action=\"\" data-op-select-funnel-step=\"\" data-op3-smooth-scroll=\"\"><\/a><a class=\"op3-element__link op3-element-icon__link op3-link\" href=\"https:\/\/www.youtube.com\/channel\/UCi0TDU_YeJ3snQR4JcvwZTQ \" target=\"_blank\"  data-op-action=\"\" data-op-select-funnel-step=\"\" data-op3-smooth-scroll=\"\"><\/a><\/p>\n<p><a href=\"mailto:contacto@istudy.mx\" target=\"_blank\">contacto@istudy.mx<\/a><\/p>\n<p><a href=\"https:\/\/istudy.mx\/itrips\/asesoria\/\" target=\"_blank\">Hablar con un Concierge Educativo<\/a><\/p>\n<p><a href=\"https:\/\/home.mycloud.com\/action\/share\/f10aa42b-e448-4ee3-a247-a972ffc4c432\" target=\"_blank\">Aviso de Privacidad<\/a><\/p>\n<p><a href=\"https:\/\/mailchi.mp\/istudy\/international-trips\" target=\"_blank\">Suscribirse al Newsletter<\/a><\/p>\n","protected":false},"excerpt":{"rendered":"<p>HOME EDUCACI\u00d3N INTERNACIONAL SERVICIOS BLOG CONTACTO Nuestra Oferta Educativa Internacional Cursos de Idiomas Desde 4 hasta 52 semanas, este programa se lleva a cabo para j\u00f3venes de 16 a\u00f1os en adelante en horario intensivo en pa\u00edses como Canad\u00e1, Estados Unidos o Inglaterra y tiene como objetivo mejorar tu nivel de ingl\u00e9s o franc\u00e9s, al mismo [&hellip;]<\/p>\n","protected":false},"author":123457,"featured_media":0,"parent":0,"menu_order":0,"comment_status":"closed","ping_status":"closed","template":"op_builder_blank","meta":{"footnotes":""},"class_list":["post-31","page","type-page","status-publish","hentry"],"_links":{"self":[{"href":"https:\/\/istudy.mx\/itrips\/wp-json\/wp\/v2\/pages\/31","targetHints":{"allow":["GET"]}}],"collection":[{"href":"https:\/\/istudy.mx\/itrips\/wp-json\/wp\/v2\/pages"}],"about":[{"href":"https:\/\/istudy.mx\/itrips\/wp-json\/wp\/v2\/types\/page"}],"author":[{"embeddable":true,"href":"https:\/\/istudy.mx\/itrips\/wp-json\/wp\/v2\/users\/123457"}],"replies":[{"embeddable":true,"href":"https:\/\/istudy.mx\/itrips\/wp-json\/wp\/v2\/comments?post=31"}],"version-history":[{"count":44,"href":"https:\/\/istudy.mx\/itrips\/wp-json\/wp\/v2\/pages\/31\/revisions"}],"predecessor-version":[{"id":5953,"href":"https:\/\/istudy.mx\/itrips\/wp-json\/wp\/v2\/pages\/31\/revisions\/5953"}],"wp:attachment":[{"href":"https:\/\/istudy.mx\/itrips\/wp-json\/wp\/v2\/media?parent=31"}],"curies":[{"name":"wp","href":"https:\/\/api.w.org\/{rel}","templated":true}]}}