{"id":198,"date":"2020-01-03T04:10:38","date_gmt":"2020-01-03T04:10:38","guid":{"rendered":"http:\/\/istudy.mx\/itrips\/servicios-cloned-at-2020-01-06-001317\/"},"modified":"2025-10-01T07:46:18","modified_gmt":"2025-10-01T13:46:18","slug":"contacto","status":"publish","type":"page","link":"https:\/\/istudy.mx\/itrips\/contacto\/","title":{"rendered":"Contacto"},"content":{"rendered":"<p><a class=\"op3-element__link op3-element-image__link op3-link\" href=\"https:\/\/istudy.mx\/itrips\" target=\"_self\"  data-op-action=\"link\" data-op-select-funnel-step=\"\" data-op3-smooth-scroll=\"\"><img fetchpriority=\"high\" decoding=\"async\" class=\"op3-element__image op3-element-image__image\" src=\"https:\/\/istudy.mx\/itrips\/wp-content\/uploads\/2020\/01\/ISTUDY_INTERNATIONAL_TRIPS-300x300.png\" alt=\"\" title=\"ISTUDY_INTERNATIONAL_TRIPS\" width=\"300\" height=\"300\" data-op3-attachment-id=\"\" \/><\/a><\/p>\n<p><a href=\"https:\/\/istudy.mx\/itrips\/\">HOME<\/a><\/p>\n<p><a href=\"https:\/\/istudy.mx\/itrips\/internacional\/\">EDUCACI\u00d3N INTERNACIONAL<\/a><\/p>\n<p><a href=\"https:\/\/istudy.mx\/itrips\/servicios\/\">SERVICIOS<\/a><\/p>\n<p><a href=\"https:\/\/istudy.mx\/itrips\/blog\">BLOG<\/a><\/p>\n<p><a href=\"https:\/\/istudy.mx\/itrips\/contacto\/\">CONTACTO<\/a><\/p>\n<h2>Queremos Saber de Ti<\/h2>\n<h2>\u00a1Atenci\u00f3n personalizada para todo Latinoam\u00e9rica!&nbsp;<\/h2>\n<h2>Env\u00edanos un mensaje<\/h2>\n<h2>Solicita m\u00e1s informaci\u00f3n del programa de estudios de tu inter\u00e9s:<\/h2>\n<p><a href=\"#\" class=\"op3-link op3-background-ancestor\" target=\"_self\"  data-op-action=\"link\" data-op-select-funnel-step=\"\" data-op3-smooth-scroll=\"\" data-op-effect-style=\"\" data-op-effect-style-hover=\"\" data-op-courseaction=\"\">Enviar Mensaje<\/a><\/p>\n<h2>Personaliza tu viaje de estudios con una cita o llamada gratuita con nuestros Concierges Educativos.<\/h2>\n<p><a href=\"https:\/\/istudy.mx\/itrips\/asesoria\/\" class=\"op3-link op3-background-ancestor\" target=\"_blank\"  data-op-action=\"link\" data-op-select-funnel-step=\"\" data-op3-smooth-scroll=\"\" data-op-effect-style=\"\" data-op-effect-style-hover=\"\" data-op-courseaction=\"\">Solic\u00edtala Aqu\u00ed<\/a><img fetchpriority=\"high\" decoding=\"async\" class=\"op3-element__image op3-element-image__image\" src=\"https:\/\/istudy.mx\/itrips\/wp-content\/uploads\/2020\/01\/ISTUDY_INTERNATIONAL_TRIPS-300x300.png\" alt=\"\" title=\"ISTUDY_INTERNATIONAL_TRIPS\" width=\"300\" height=\"300\" data-op3-attachment-id=\"\" \/><a class=\"op3-element__link op3-element-icon__link op3-link\" href=\"https:\/\/www.facebook.com\/iStudyInternationalTrips\/\" target=\"_blank\"  data-op-action=\"\" data-op-select-funnel-step=\"\" data-op3-smooth-scroll=\"\"><\/a><a class=\"op3-element__link op3-element-icon__link op3-link\" href=\"https:\/\/www.instagram.com\/istudylite\/\" target=\"_blank\"  data-op-action=\"\" data-op-select-funnel-step=\"\" data-op3-smooth-scroll=\"\"><\/a><a class=\"op3-element__link op3-element-icon__link op3-link\" href=\"https:\/\/www.youtube.com\/channel\/UCi0TDU_YeJ3snQR4JcvwZTQ \" target=\"_blank\"  data-op-action=\"\" data-op-select-funnel-step=\"\" data-op3-smooth-scroll=\"\"><\/a><\/p>\n<p><a href=\"mailto:contacto@istudy.mx\" target=\"_blank\">contacto@istudy.mx<\/a><\/p>\n<p><a href=\"https:\/\/istudy.mx\/itrips\/asesoria\/\" target=\"_blank\">Hablar con un Concierge Educativo<\/a><\/p>\n<p><a href=\"https:\/\/home.mycloud.com\/action\/share\/f10aa42b-e448-4ee3-a247-a972ffc4c432\" target=\"_blank\">Aviso de Privacidad<\/a><\/p>\n<p><a href=\"https:\/\/mailchi.mp\/istudy\/international-trips\" target=\"_blank\">Suscribirse al Newsletter<\/a><\/p>\n","protected":false},"excerpt":{"rendered":"<p>HOME EDUCACI\u00d3N INTERNACIONAL SERVICIOS BLOG CONTACTO Queremos Saber de Ti \u00a1Atenci\u00f3n personalizada para todo Latinoam\u00e9rica!&nbsp; Env\u00edanos un mensaje Solicita m\u00e1s informaci\u00f3n del programa de estudios de tu inter\u00e9s: Enviar Mensaje Personaliza tu viaje de estudios con una cita o llamada gratuita con nuestros Concierges Educativos. Solic\u00edtala Aqu\u00ed contacto@istudy.mx Hablar con un Concierge Educativo Aviso de [&hellip;]<\/p>\n","protected":false},"author":123457,"featured_media":0,"parent":0,"menu_order":0,"comment_status":"closed","ping_status":"closed","template":"op_builder_blank","meta":{"footnotes":""},"class_list":["post-198","page","type-page","status-publish","hentry"],"_links":{"self":[{"href":"https:\/\/istudy.mx\/itrips\/wp-json\/wp\/v2\/pages\/198","targetHints":{"allow":["GET"]}}],"collection":[{"href":"https:\/\/istudy.mx\/itrips\/wp-json\/wp\/v2\/pages"}],"about":[{"href":"https:\/\/istudy.mx\/itrips\/wp-json\/wp\/v2\/types\/page"}],"author":[{"embeddable":true,"href":"https:\/\/istudy.mx\/itrips\/wp-json\/wp\/v2\/users\/123457"}],"replies":[{"embeddable":true,"href":"https:\/\/istudy.mx\/itrips\/wp-json\/wp\/v2\/comments?post=198"}],"version-history":[{"count":38,"href":"https:\/\/istudy.mx\/itrips\/wp-json\/wp\/v2\/pages\/198\/revisions"}],"predecessor-version":[{"id":6083,"href":"https:\/\/istudy.mx\/itrips\/wp-json\/wp\/v2\/pages\/198\/revisions\/6083"}],"wp:attachment":[{"href":"https:\/\/istudy.mx\/itrips\/wp-json\/wp\/v2\/media?parent=198"}],"curies":[{"name":"wp","href":"https:\/\/api.w.org\/{rel}","templated":true}]}}